{"id":8663810554407152318,"date":"2023-01-01T00:00:00","date_gmt":"2023-01-01T00:00:00","guid":{"rendered":"http:\/\/example.com\/?p=1"},"modified":"2023-01-01T00:00:00","modified_gmt":"2023-01-01T00:00:00","slug":"o-nas-2","status":"publish","type":"page","link":"https:\/\/younited-czech.org\/?page_id=8663810554407152318","title":{"rendered":"O n\u00e1s"},"content":{"rendered":"<header>\n                <img decoding=\"async\" src=\"Sn\u00edmek obrazovky 2023-09-06 234004.png\" alt=\"Logo YOUnited\"><\/p>\n<h1>Tohle jsme my holky z YOUnited<\/h1>\n<\/header>\n<div class=\"content\">\n<p>toto je p\u0159\u00edklad str\u00e1nky na webu YOUnited<\/p>\n<\/p><\/div>\n","protected":false},"excerpt":{"rendered":"<p>Tohle jsme my holky z YOUnited toto je p\u0159\u00edklad str\u00e1nky na webu YOUnited<\/p>\n","protected":false},"author":1,"featured_media":0,"parent":0,"menu_order":0,"comment_status":"closed","ping_status":"closed","template":"","meta":{"footnotes":""},"class_list":["post-8663810554407152318","page","type-page","status-publish","hentry"],"_links":{"self":[{"href":"https:\/\/younited-czech.org\/index.php?rest_route=\/wp\/v2\/pages\/8663810554407152318","targetHints":{"allow":["GET"]}}],"collection":[{"href":"https:\/\/younited-czech.org\/index.php?rest_route=\/wp\/v2\/pages"}],"about":[{"href":"https:\/\/younited-czech.org\/index.php?rest_route=\/wp\/v2\/types\/page"}],"author":[{"embeddable":true,"href":"https:\/\/younited-czech.org\/index.php?rest_route=\/wp\/v2\/users\/1"}],"replies":[{"embeddable":true,"href":"https:\/\/younited-czech.org\/index.php?rest_route=%2Fwp%2Fv2%2Fcomments&post=8663810554407152318"}],"version-history":[{"count":0,"href":"https:\/\/younited-czech.org\/index.php?rest_route=\/wp\/v2\/pages\/8663810554407152318\/revisions"}],"wp:attachment":[{"href":"https:\/\/younited-czech.org\/index.php?rest_route=%2Fwp%2Fv2%2Fmedia&parent=8663810554407152318"}],"curies":[{"name":"wp","href":"https:\/\/api.w.org\/{rel}","templated":true}]}}